{"id":2221,"date":"2025-07-09T11:49:39","date_gmt":"2025-07-09T11:49:39","guid":{"rendered":"https:\/\/mbfi.bio\/chl\/product\/poliphate-k\/"},"modified":"2025-08-26T21:45:07","modified_gmt":"2025-08-26T21:45:07","slug":"poliphate-k","status":"publish","type":"product","link":"https:\/\/mbfi.bio\/chl\/producto\/poliphate-k\/?lang=es","title":{"rendered":"PolyPhate-K"},"content":{"rendered":"","protected":false},"excerpt":{"rendered":"<p>Fertilizante l\u00edquido altamente soluble que proporciona f\u00f3sforo y potasio para apoyar la energ\u00eda de los cultivos, la floraci\u00f3n y el desarrollo de la fruta en todos los sistemas de producci\u00f3n.<\/p>\n","protected":false},"featured_media":2371,"template":"","meta":{"_acf_changed":false},"product_brand":[],"product_cat":[86],"product_tag":[],"class_list":{"0":"post-2221","1":"product","2":"type-product","3":"status-publish","4":"has-post-thumbnail","6":"product_cat-nutricion-de-rendimiento","7":"crop-berries","8":"crop-cereals","9":"crop-forages","10":"crop-grapes","11":"crop-pome-stone-fruit","12":"crop-pulses","13":"crop-rice","14":"crop-vegetables","16":"first","17":"instock","18":"shipping-taxable","19":"product-type-simple"},"acf":[],"_links":{"self":[{"href":"https:\/\/mbfi.bio\/chl\/wp-json\/wp\/v2\/product\/2221","targetHints":{"allow":["GET"]}}],"collection":[{"href":"https:\/\/mbfi.bio\/chl\/wp-json\/wp\/v2\/product"}],"about":[{"href":"https:\/\/mbfi.bio\/chl\/wp-json\/wp\/v2\/types\/product"}],"wp:featuredmedia":[{"embeddable":true,"href":"https:\/\/mbfi.bio\/chl\/wp-json\/wp\/v2\/media\/2371"}],"wp:attachment":[{"href":"https:\/\/mbfi.bio\/chl\/wp-json\/wp\/v2\/media?parent=2221"}],"wp:term":[{"taxonomy":"product_brand","embeddable":true,"href":"https:\/\/mbfi.bio\/chl\/wp-json\/wp\/v2\/product_brand?post=2221"},{"taxonomy":"product_cat","embeddable":true,"href":"https:\/\/mbfi.bio\/chl\/wp-json\/wp\/v2\/product_cat?post=2221"},{"taxonomy":"product_tag","embeddable":true,"href":"https:\/\/mbfi.bio\/chl\/wp-json\/wp\/v2\/product_tag?post=2221"}],"curies":[{"name":"wp","href":"https:\/\/api.w.org\/{rel}","templated":true}]}}