{"id":2213,"date":"2025-07-09T11:51:53","date_gmt":"2025-07-09T11:51:53","guid":{"rendered":"https:\/\/mbfi.bio\/chl\/product\/sbf\/"},"modified":"2025-08-26T21:44:55","modified_gmt":"2025-08-26T21:44:55","slug":"sbf","status":"publish","type":"product","link":"https:\/\/mbfi.bio\/chl\/producto\/sbf\/?lang=es","title":{"rendered":"SBF"},"content":{"rendered":"","protected":false},"excerpt":{"rendered":"<p>Fertilizante polimerizado de fosfito de potasio con \u00e1cido salic\u00edlico (tecnolog\u00eda GET) para uso foliar o fertirrigaci\u00f3n, formulado para una nutrici\u00f3n duradera y la activaci\u00f3n de las defensas de las plantas.<\/p>\n","protected":false},"featured_media":2369,"template":"","meta":{"_acf_changed":false},"product_brand":[],"product_cat":[86],"product_tag":[],"class_list":{"0":"post-2213","1":"product","2":"type-product","3":"status-publish","4":"has-post-thumbnail","6":"product_cat-nutricion-de-rendimiento","7":"crop-cereals","8":"crop-corn","9":"crop-pome-stone-fruit","10":"crop-pulses","11":"crop-rice","12":"crop-vegetables","14":"first","15":"instock","16":"shipping-taxable","17":"product-type-simple"},"acf":[],"_links":{"self":[{"href":"https:\/\/mbfi.bio\/chl\/wp-json\/wp\/v2\/product\/2213","targetHints":{"allow":["GET"]}}],"collection":[{"href":"https:\/\/mbfi.bio\/chl\/wp-json\/wp\/v2\/product"}],"about":[{"href":"https:\/\/mbfi.bio\/chl\/wp-json\/wp\/v2\/types\/product"}],"wp:featuredmedia":[{"embeddable":true,"href":"https:\/\/mbfi.bio\/chl\/wp-json\/wp\/v2\/media\/2369"}],"wp:attachment":[{"href":"https:\/\/mbfi.bio\/chl\/wp-json\/wp\/v2\/media?parent=2213"}],"wp:term":[{"taxonomy":"product_brand","embeddable":true,"href":"https:\/\/mbfi.bio\/chl\/wp-json\/wp\/v2\/product_brand?post=2213"},{"taxonomy":"product_cat","embeddable":true,"href":"https:\/\/mbfi.bio\/chl\/wp-json\/wp\/v2\/product_cat?post=2213"},{"taxonomy":"product_tag","embeddable":true,"href":"https:\/\/mbfi.bio\/chl\/wp-json\/wp\/v2\/product_tag?post=2213"}],"curies":[{"name":"wp","href":"https:\/\/api.w.org\/{rel}","templated":true}]}}